hen 103 is divided by -1 - -32 - (-20)/5.
33
Suppose 0 = 5*b + 3*d - 85, 0 = 4*b - 5*b + 2*d + 30. Suppose 0 = 12*x - 16*x + 156. Calculate the remainder when x is divided by b.
19
Let m be -1 - 0 - (-4 + -3). Calculate the remainder when 15 is divided by m*(-1 - 10/(-6)).
3
Let d be 1*(3 + -1 + 1). Suppose 0 = -x, d*p = -3*x - 11 + 53. Calculate the remainder when 25 is divided by p.
11
Let i = 35 + -30. Let x(c) = 19*c. What is the remainder when x(1) is divided by i?
4
Suppose -8*v + 54 = -50. Let b(p) = -p**3 - 4*p**2 + 3. Let m be b(-4). Suppose -m*l = -25 - 89. Calculate the remainder when l is divided by v.
12
Let m = -2 + 3. Let u = m - -3. Suppose u*s - 50 + 2 = 0. Calculate the remainder when 45 is divided by s.
9
Suppose 134 = 6*l - 94. What is the remainder when l is divided by 10 - (-1 + 2 - 1)?
8
Suppose 0 = -4*c - 62 + 606. Suppose 5*t = 2*h - 66, -4*h + c = 3*t - 48. What is the remainder when h is divided by 11?
10
Let p be 480/(-22) + (-10)/55. Let z = -8 - p. Calculate the remainder when 26 is divided by z.
12
Let m = -11 + 17. Let n(f) = -m*f - 1 + 0*f - 4*f**2 - 2*f**2 - f**3. Calculate the remainder when 10 is divided by n(-5).
2
Suppose 0*m - 4*m = -48. Suppose -j + 37 = -m. Suppose -2*z + 22 = s, 2*s - 3*z - 16 = j. Calculate the remainder when s is divided by 15.
13
Let t = 21 - 15. Suppose -z = z - t. Calculate the remainder when 6 is divided by z.
0
Let p(l) = l**3 - l + 86. Calculate the remainder when p(0) is divided by 29.
28
Suppose 3*n = 43 + 14. What is the remainder when n is divided by 7?
5
Suppose 2*m - m - 50 = -5*h, -2*m = 4*h - 46. Let l(w) = -4*w + 4. Let z be l(3). Let b = 11 + z. What is the remainder when h is divided by b?
0
Let o = 152 + -104. What is the remainder when o is divided by 10?
8
Let l(k) = -k**2 + 3*k - 4. Suppose 0 = -5*p - m + 3*m + 28, m + 4 = 0. Let n be l(p). Let b = n + 48. Calculate the remainder when b is divided by 21.
19
Calculate the remainder when ((-3)/(-2))/(9/54) is divided by 6.
3
Let o(t) = t**3 - 3*t**2 - 2*t + 8. Calculate the remainder when 95 is divided by o(4).
15
Let d(n) = n**2 + 12*n + 13. Calculate the remainder when d(-14) is divided by 21.
20
What is the remainder when 44 is divided by (-1)/2 + (-186)/(-12)?
14
Suppose -3*y = -x - 13, 2*y + 5*x + 5 = -9. Suppose -y = f - 5. Suppose 5*l = -d + 3*d, -f*l + d = 1. What is the remainder when 6 is divided by l?
0
Suppose 0 = -4*n + 3*i + 101, 2*n - 39 - 17 = -4*i. Let w(s) = 3*s - 6. Calculate the remainder when n is divided by w(5).
8
Suppose 4*j - j = 30. Calculate the remainder when j is divided by 2 + (-3 - 1) + 2 + 6.
4
Suppose -2*a - 5*h + 104 = 0, 0*h = -4*a - 2*h + 224. Calculate the remainder when a is divided by 20.
17
Suppose 5*g + 4*n - 100 = 3*n, 4*n = -3*g + 60. Suppose 2*f - 2*o + 4 = 0, o - 14 = 8*f - 3*f. Calculate the remainder when f/(-12) + 620/16 is divided by g.
19
Let p = 26 + -12. Let s(b) be the first derivative of 6*b**2 - 7*b - 3. Calculate the remainder when s(5) is divided by p.
11
Suppose 4*p + 38 + 2 = 0. What is the remainder when (-4)/(16/10)*p is divided by 9?
7
Calculate the remainder when 230/8 - (-2)/8 is divided by -2*(15/(-6) + -5).
14
Suppose 2*x + 4*o - 46 = 0, -3*x - 2*o = -0*o - 49. What is the remainder when 24 is divided by x?
11
Suppose -z - 3*f - 8 = -9, -2*z + 3*f = -47. What is the remainder when z is divided by (-47)/(-5) - 2/5?
7
Let y be 1/(-1) + 0 - -1. Suppose -3*g - g - 20 = y. Calculate the remainder when 8 is divided by 161/35 + (-2)/g.
3
Suppose 5*y = 4*d - 43, 4*y = -5*d + 3*y + 61. Calculate the remainder when (25 - -7) + (2 - 0) is divided by d.
10
Let o be ((-2)/(-3))/((-2)/(-51)). Suppose 0 = 8*t - 52 - 188. Suppose 2*s - 5*w - t = 0, -5*s - 3*w + 27 = -o. What is the remainder when 37 is divided by s?
7
Let w(t) = t**2 + 2*t. Calculate the remainder when 11 is divided by w(-3).
2
Suppose 416 = 9*w - 358. Calculate the remainder when w is divided by 31.
24
Let t(q) = 2*q**3 - 3*q**2 + 4*q - 3. Suppose 3*o - 67 = 8. Calculate the remainder when o is divided by t(2).
7
Let l(u) = -u**3 + 10*u**2 - 7*u - 7. Let x be l(9). Let v = x - -14. Suppose w - 4 - 5 = 4*f, 4*w = 5*f + 47. Calculate the remainder when v is divided by w.
12
Let j(k) = -2*k + 2. Let f be j(2). Let v be (20 - f) + 3 - 1. Suppose 0 = 3*c + c - v. What is the remainder when 9 is divided by c?
3
Let v(h) = 2*h**2 - 1. Let d be v(1). Let g be 4 + (-3)/(-6)*-2. Calculate the remainder when 1 is divided by 0 + (d - -2)/g.
0
What is the remainder when (-2)/(-4)*((-333)/(-9) + 9) is divided by 9?
5
Let r(g) = g + 11. Let h = -17 + 12. What is the remainder when 9 is divided by r(h)?
3
Let i(f) = f**3 + 3*f**2 - 4*f + 4. Let t be i(-4). Suppose -t*r + 2*r + 32 = 0. What is the remainder when 46 is divided by r?
14
Let w(v) be the first derivative of 9*v**4/2 - v**2/2 + 2. Let j be w(-1). Let g = 28 + j. Calculate the remainder when 31 is divided by g.
9
Suppose 6*p + 0*p - 120 = 0. Calculate the remainder when 39 is divided by p.
19
Let z be (-14)/(-21) - (-44)/(-3). Let q = -4 - z. Suppose 0 = 2*m - 3*i - 41, -4*m + 4*i + 106 = 26. Calculate the remainder when m is divided by q.
9
Let y(z) be the third derivative of -z**6/120 + z**5/15 + 7*z**4/24 - 4*z**3/3 + 3*z**2. Calculate the remainder when 79 is divided by y(4).
19
Suppose -5*o + 34 = 4. Let x = -8 - -17. Let t = x - 5. Calculate the remainder when o is divided by t.
2
Let s be ((-2)/(-2) + -1)/(-2). Suppose 4*x - 12 - 60 = s. What is the remainder when 70 is divided by x?
16
Suppose 0 = 7*u - 588 - 301. What is the remainder when u is divided by 32?
31
Let k(p) = -p - 2. Let s be k(-6). Suppose s*d = 25 + 51. What is the remainder when d is divided by 7?
5
Let b(z) = -z + 8. Let p(w) = -5*w + 32. Let m(f) = 9*b(f) - 2*p(f). Let u be m(-14). Let l(q) = -2*q + 4. What is the remainder when l(u) is divided by 9?
7
Let c(t) = 2*t + 2. Suppose 3*z - 9 = -2*z + u, -6 = -2*z + u. Let j(m) = 27*m**2 - m. Calculate the remainder when j(z) is divided by c(6).
12
Let z be (0 - -2) + -8 + 3. Let q be 2 + (4 - z) + 3. What is the remainder when 10 is divided by 51/q + (-3)/12?
2
Calculate the remainder when 91 is divided by 21 + 0 - (0 - 2).
22
Suppose -4*v = 4*a - 20, -4*v - 2 = a - 10. Suppose v = k - 3, 4*y - 204 = -3*k. Calculate the remainder when y is divided by 13.
9
Let w(o) = 2*o**2 - 3*o - 3. Let j(m) be the third derivative of m**5/15 + 5*m**4/24 - m**3/2 + 2*m**2. Calculate the remainder when j(-4) is divided by w(-2).
8
Let p(a) = -a**2 + 6*a - 4. Let t be p(4). Suppose t*x - 143 = -35. What is the remainder when x is divided by 14?
13
Suppose 0 = -2*h - 0*h + 30. Calculate the remainder when 28 is divided by h.
13
Let y(l) = -l**3 + 10*l**2 - 9*l - 9. Let z be y(8). Let b = z + -13. Calculate the remainder when b is divided by 18.
16
Let b be (-4*3)/((-9)/6). Let t be 165/10*b/6. Suppose -p + t = -0*p. What is the remainder when p is divided by 6?
4
Let m = -106 + 178. What is the remainder when m is divided by 19?
15
Let t(r) = -r + 22. Let z = 49 - 25. Suppose -g - g = -z. What is the remainder when t(0) is divided by g?
10
Let k(b) = 2*b - 6. Suppose 8 = 3*s - 4. Let w be k(s). Suppose 3*a + 3*q - 37 = 5, 3*a - 27 = w*q. What is the remainder when a is divided by 6?
5
Suppose 0 = -k + 4*k - 18. Let h = -12 + 6. Let q = 16 + h. What is the remainder when q is divided by k?
4
Suppose -p = p - 4. Suppose -5*u + 31 = 2*g, -p*u - 3*g + 2 + 6 = 0. What is the remainder when -19*(-2 - -2 - 1) is divided by u?
5
Suppose 3*u = -15 - 12. Suppose -4 = -0*z + 2*z. Let k = z - u. What is the remainder when 19 is divided by k?
5
Suppose -k + 9 = 5*x, -2*x = -3*x. What is the remainder when 16 is divided by k?
7
Let q = -75 - -113. What is the remainder when 111 is divided by q?
35
Let r = -9 + 7. Suppose 2*q - 130 = -3*q. Calculate the remainder when q is divided by r/(-6)*(-2 - -44).
12
Calculate the remainder when 51 is divided by (-57)/(-3)*-2*(-2)/4.
13
Suppose -3*a - 4*u = -19, -4*u - u = -5*a + 20. Suppose 3*i - 2*i - 2*c = 23, a*c - 2 = -i. Calculate the remainder when 36/28 + (-2)/7 - -32 is divided by i.
16
Suppose -4*z + 244 = -124. Suppose 2*p + 2*n = 32, 5*p - n + 3*n - z = 0. Calculate the remainder when p is divided by 7.
6
Su